visor of 62 and 12414?
2
What is the greatest common divisor of 6480 and 25254?
18
Calculate the highest common factor of 10972 and 260.
52
Calculate the greatest common divisor of 249 and 226673.
83
Calculate the greatest common factor of 1600 and 8550.
50
What is the greatest common divisor of 9290 and 310?
10
What is the greatest common factor of 441 and 325213?
49
What is the highest common divisor of 2244 and 127160?
748
Calculate the highest common factor of 204 and 391236.
12
Calculate the greatest common factor of 7146 and 234.
18
What is the greatest common divisor of 78 and 5022?
6
What is the highest common divisor of 548178 and 7596?
1266
What is the highest common factor of 30 and 691170?
30
What is the highest common factor of 4584 and 288?
24
Calculate the highest common divisor of 178856 and 1580.
316
Calculate the highest common divisor of 5 and 17285.
5
What is the greatest common factor of 185 and 139157?
37
Calculate the greatest common factor of 6610 and 915.
5
Calculate the highest common factor of 27466 and 1364.
62
What is the highest common divisor of 111645 and 135?
135
What is the greatest common factor of 1362060 and 360?
180
Calculate the highest common divisor of 170 and 284090.
10
Calculate the highest common factor of 738 and 943.
41
Calculate the highest common factor of 3594 and 138.
6
What is the highest common factor of 580 and 74820?
580
What is the highest common factor of 1639705 and 10?
5
Calculate the greatest common factor of 49 and 8869.
49
Calculate the highest common divisor of 105 and 23478.
21
What is the greatest common divisor of 482412 and 1134?
42
Calculate the highest common divisor of 4928 and 288596.
308
Calculate the highest common divisor of 1 and 217369.
1
What is the greatest common factor of 3656 and 143041?
457
What is the greatest common factor of 533 and 130?
13
What is the highest common factor of 14 and 3773322?
14
Calculate the greatest common factor of 803793 and 348.
87
Calculate the highest common factor of 211325 and 75.
25
Calculate the greatest common divisor of 613117 and 67.
67
What is the highest common factor of 84 and 55980?
12
Calculate the greatest common factor of 25236 and 2448.
36
What is the highest common divisor of 22412 and 11637?
431
What is the highest common factor of 59 and 191927?
59
What is the highest common divisor of 690510 and 30?
30
Calculate the greatest common factor of 1281 and 8421.
21
What is the greatest common factor of 5 and 59695?
5
What is the highest common divisor of 8952 and 768?
24
What is the greatest common factor of 2820 and 32571?
141
What is the highest common divisor of 123 and 52603?
41
What is the highest common divisor of 406636 and 20?
4
What is the greatest common divisor of 9963 and 29322?
81
What is the greatest common divisor of 130 and 310804?
26
Calculate the highest common divisor of 856584 and 36.
36
Calculate the highest common divisor of 42 and 822486.
42
Calculate the greatest common factor of 3619929 and 204.
51
Calculate the greatest common divisor of 616 and 845383.
77
What is the greatest common divisor of 88 and 116006?
22
What is the highest common divisor of 1973120 and 96?
32
What is the greatest common factor of 2019 and 1283411?
673
Calculate the highest common factor of 55 and 10835.
55
What is the greatest common divisor of 67530 and 210?
30
What is the highest common divisor of 9976 and 16240?
232
Calculate the greatest common divisor of 42 and 116403.
21
Calculate the highest common divisor of 3063790 and 2265.
755
Calculate the highest common divisor of 1215 and 1145.
5
What is the greatest common factor of 240 and 2348940?
60
Calculate the highest common divisor of 140937 and 862.
431
What is the highest common factor of 2924 and 12172?
68
What is the highest common divisor of 12293 and 15732?
19
What is the greatest common factor of 708 and 534?
6
What is the highest common factor of 341860 and 20?
20
Calculate the greatest common factor of 984 and 58548.
492
Calculate the highest common factor of 219600 and 4.
4
What is the greatest common divisor of 56 and 1394078?
14
What is the highest common divisor of 721 and 13?
1
What is the greatest common divisor of 3552 and 120324?
444
What is the highest common divisor of 1859 and 51883?
169
What is the highest common divisor of 2074 and 10438?
34
What is the highest common divisor of 1440 and 82980?
180
What is the greatest common divisor of 2840 and 190?
10
Calculate the greatest common factor of 41586 and 249038.
478
What is the greatest common divisor of 2077 and 2573?
31
What is the greatest common divisor of 770 and 160?
10
What is the highest common divisor of 30596 and 44?
4
Calculate the highest common divisor of 29780 and 10480.
20
Calculate the greatest common factor of 833 and 25333.
49
What is the greatest common factor of 28918 and 76?
38
What is the greatest common factor of 371348 and 102?
34
Calculate the greatest common divisor of 11288 and 12053.
17
What is the greatest common divisor of 115235 and 380?
95
Calculate the highest common factor of 1409815 and 11.
11
Calculate the highest common divisor of 8137 and 3555.
79
Calculate the highest common divisor of 968 and 1345157.
121
What is the highest common divisor of 2151 and 14579?
239
What is the highest common divisor of 955 and 20?
5
Calculate the greatest common divisor of 7507918 and 22.
22
Calculate the greatest common factor of 7296 and 3712.
128
Calculate the greatest common factor of 768 and 52032.
192
Calculate the greatest common divisor of 536 and 712.
8
What is the highest common divisor of 836 and 5148?
44
What is the highest common divisor of 46 and 920851?
23
What is the greatest common factor of 950 and 160835?
95
Calculate the highest common factor of 6407 and 86.
43
What is the highest common divisor of 4575 and 5925?
75
Calculate the greatest common divisor of 1005 and 26535.
15
Calculate the greatest common factor of 1589 and 13.
1
Calculate the greatest common divisor of 41 and 620658.
41
Calculate the greatest common divisor of 4056 and 15717.
507
Calculate the highest common divisor of 105 and 43715.
35
Calculate the highest common divisor of 21 and 29703.
3
What is the greatest common factor of 4688 and 164666?
586
Calculate the greatest common divisor of 32826 and 6.
6
Calculate the greatest common divisor of 4990963 and 223.
223
What is the greatest common divisor of 37290 and 3300?
330
What is the greatest common divisor of 133312 and 544?
32
Calculate the greatest common divisor of 11750 and 31000.
250
Calculate the highest common divisor of 89696 and 64.
32
Calculate the highest common divisor of 1221 and 116897.
11
Calculate the highest common factor of 134200 and 18117.
671
Calculate the greatest common factor of 11776 and 2000.
16
What is the highest common factor of 106 and 1273166?
106
Calculate the highest common divisor of 289683 and 27.
27
Calculate the greatest common divisor of 39 and 81861.
39
What is the highest common divisor of 31646 and 10?
2
What is the greatest common divisor of 3826116 and 108?
108
Calculate the greatest common factor of 30968 and 80264.
632
What is the highest common divisor of 238 and 17626?
14
What is the greatest common divisor of 176 and 31592?
88
Calculate the highest common divisor of 22949 and 4611.
53
Calculate the highest common divisor of 5239 and 67769.
169
Calculate the greatest common divisor of 657 and 32481.
9
What is the greatest common divisor of 2132 and 1534?
26
Calculate the greatest common factor of 625 and 17800.
25
What is the highest common factor of 555 and 45436?
37
Calculate the highest common divisor of 2536 and 328.
8
Calculate the highest common divisor of 55522 and 1955.
391
What is the highest common factor of 474120 and 360?
360
Calculate the greatest common divisor of 6003 and 705686.
667
What is the highest common factor of 8792 and 23352?
56
Calculate the highest common divisor of 735872 and 96.
32
What is the highest common factor of 2165271 and 921?
921
Calculate the highest common factor of 1458 and 94.
2
Calculate the greatest common factor of 20493 and 1380.
69
Calculate the greatest common divisor of 118678 and 28.
14
What is the highest common factor of 434687 and 22?
11
